{"id":154,"date":"2017-07-30T09:28:23","date_gmt":"2017-07-30T09:28:23","guid":{"rendered":"http:\/\/kurthummel.com\/?page_id=154"},"modified":"2022-12-11T10:57:20","modified_gmt":"2022-12-11T10:57:20","slug":"veroeffentlichungencds","status":"publish","type":"page","link":"https:\/\/kurthummel.com\/?page_id=154","title":{"rendered":"Ver\u00f6ffentlichungen \/ CDs"},"content":{"rendered":"<p style=\"text-align: center;\">&nbsp;<\/p>\n<p><img loading=\"lazy\" class=\"aligncenter wp-image-1310\" src=\"http:\/\/kurthummel.com\/wp-content\/uploads\/2022\/12\/At-the-Undefined-Edge_Cover.jpg\" alt=\"\" width=\"150\" height=\"179\"><\/p>\n<p style=\"text-align: center;\"><strong>At the Undefined Edge<br \/>\n<\/strong>&nbsp;13 Titel &#8211; Ver\u00f6ffentlicht auf diversen Internetportalen (Spotify, ITunes&#8230;)<\/p>\n<hr>\n<p style=\"text-align: center;\">&nbsp;<\/p>\n<p><img loading=\"lazy\" class=\"wp-image-1122 aligncenter\" src=\"http:\/\/kurthummel.com\/wp-content\/uploads\/2022\/01\/AnotherWorld_promo_card.jpg\" alt=\"\" width=\"150\" height=\"179\" srcset=\"https:\/\/kurthummel.com\/wp-content\/uploads\/2022\/01\/AnotherWorld_promo_card.jpg 1080w, https:\/\/kurthummel.com\/wp-content\/uploads\/2022\/01\/AnotherWorld_promo_card-251x300.jpg 251w, https:\/\/kurthummel.com\/wp-content\/uploads\/2022\/01\/AnotherWorld_promo_card-857x1024.jpg 857w, https:\/\/kurthummel.com\/wp-content\/uploads\/2022\/01\/AnotherWorld_promo_card-768x917.jpg 768w\" sizes=\"(max-width: 150px) 100vw, 150px\" \/><\/p>\n<p style=\"text-align: center;\"><strong>Another World<br \/>\n<\/strong>&nbsp;13 Titel &#8211; Ver\u00f6ffentlicht auf diversen Internetportalen (Spotify, ITunes&#8230;)<\/p>\n<hr>\n<p><img loading=\"lazy\" class=\"wp-image-1110 aligncenter\" src=\"http:\/\/kurthummel.com\/wp-content\/uploads\/2022\/01\/image-1.png\" alt=\"\" width=\"150\" height=\"168\" srcset=\"https:\/\/kurthummel.com\/wp-content\/uploads\/2022\/01\/image-1.png 1080w, https:\/\/kurthummel.com\/wp-content\/uploads\/2022\/01\/image-1-268x300.png 268w, https:\/\/kurthummel.com\/wp-content\/uploads\/2022\/01\/image-1-915x1024.png 915w, https:\/\/kurthummel.com\/wp-content\/uploads\/2022\/01\/image-1-768x860.png 768w\" sizes=\"(max-width: 150px) 100vw, 150px\" \/><\/p>\n<p style=\"text-align: center;\"><strong>I&#8217;m just a Machine<br \/>\n<\/strong>&nbsp;1 Titel &#8211; Ver\u00f6ffentlicht auf diversen Internetportalen (Spotify, ITunes&#8230;)<\/p>\n<hr>\n<p style=\"text-align: center;\"><strong><img loading=\"lazy\" class=\"alignnone  wp-image-926\" src=\"http:\/\/kurthummel.com\/wp-content\/uploads\/2020\/05\/BackToTheHill.jpg\" alt=\"\" width=\"150\" height=\"135\"><\/strong><\/p>\n<p style=\"text-align: center;\"><strong>Back on the Hill<br \/>\n<\/strong>&nbsp;21 Titel &#8211; CD mit 12-seitigem Booklet &#8211; erschienen by Calygram<\/p>\n<hr>\n<p style=\"text-align: center;\"><strong><img loading=\"lazy\" class=\"alignnone wp-image-1091 \" src=\"http:\/\/kurthummel.com\/wp-content\/uploads\/2021\/12\/SP_NotARealDecision-203x300.jpg\" alt=\"\" width=\"158\" height=\"233\" srcset=\"https:\/\/kurthummel.com\/wp-content\/uploads\/2021\/12\/SP_NotARealDecision-203x300.jpg 203w, https:\/\/kurthummel.com\/wp-content\/uploads\/2021\/12\/SP_NotARealDecision.jpg 250w\" sizes=\"(max-width: 158px) 100vw, 158px\" \/><\/strong><\/p>\n<p style=\"text-align: center;\"><strong>Not a Real Decision<br \/>\n<\/strong>&nbsp;14 Titel &#8211; Ver\u00f6ffentlicht auf diversen Internetportalen (Spotify, ITunes&#8230;)<\/p>\n<hr>\n<p style=\"text-align: center;\"><strong><img loading=\"lazy\" class=\"alignnone wp-image-1092 \" src=\"http:\/\/kurthummel.com\/wp-content\/uploads\/2021\/12\/SP_TequilaMoon-248x300.jpg\" alt=\"\" width=\"150\" height=\"181\" srcset=\"https:\/\/kurthummel.com\/wp-content\/uploads\/2021\/12\/SP_TequilaMoon-248x300.jpg 248w, https:\/\/kurthummel.com\/wp-content\/uploads\/2021\/12\/SP_TequilaMoon.jpg 250w\" sizes=\"(max-width: 150px) 100vw, 150px\" \/><\/strong><\/p>\n<p style=\"text-align: center;\"><strong>Tequila Moon<br \/>\n<\/strong> 11 Titel &#8211; Ver\u00f6ffentlicht auf diversen Internetportalen (Spotify, ITunes&#8230;)<\/p>\n<hr>\n<p style=\"text-align: center;\"><strong><img loading=\"lazy\" class=\"alignnone wp-image-1093 \" src=\"http:\/\/kurthummel.com\/wp-content\/uploads\/2021\/12\/SP_ShoreTojjas-210x300.jpg\" alt=\"\" width=\"150\" height=\"214\" srcset=\"https:\/\/kurthummel.com\/wp-content\/uploads\/2021\/12\/SP_ShoreTojjas-210x300.jpg 210w, https:\/\/kurthummel.com\/wp-content\/uploads\/2021\/12\/SP_ShoreTojjas.jpg 250w\" sizes=\"(max-width: 150px) 100vw, 150px\" \/><\/strong><\/p>\n<p style=\"text-align: center;\"><strong>Shore Tojjas<br \/>\n<\/strong> 11 Titel &#8211; Ver\u00f6ffentlicht auf diversen Internetportalen (Spotify, ITunes&#8230;)<\/p>\n<hr>\n<p style=\"text-align: center;\"><strong><img loading=\"lazy\" class=\"alignnone wp-image-1094 \" src=\"http:\/\/kurthummel.com\/wp-content\/uploads\/2021\/12\/SP_Revers-203x300.jpg\" alt=\"\" width=\"150\" height=\"222\" srcset=\"https:\/\/kurthummel.com\/wp-content\/uploads\/2021\/12\/SP_Revers-203x300.jpg 203w, https:\/\/kurthummel.com\/wp-content\/uploads\/2021\/12\/SP_Revers.jpg 250w\" sizes=\"(max-width: 150px) 100vw, 150px\" \/><\/strong><\/p>\n<p style=\"text-align: center;\"><strong>Reverse<br \/>\n<\/strong> 15 Titel &#8211; Ver\u00f6ffentlicht auf diversen Internetportalen (Spotify, ITunes&#8230;)<\/p>\n<hr>\n<p style=\"text-align: center;\"><strong><a href=\"https:\/\/www.epubli.de\/shop\/buch\/Guitar-Music-Compositions-1995-2017-Kurt-Hummel-9783746718439\/74183\"><img loading=\"lazy\" class=\"alignnone size-full wp-image-739\" src=\"http:\/\/kurthummel.com\/wp-content\/uploads\/2018\/04\/Cover250_Gitarrenbuch.jpg\" alt=\"\" width=\"250\" height=\"353\" srcset=\"https:\/\/kurthummel.com\/wp-content\/uploads\/2018\/04\/Cover250_Gitarrenbuch.jpg 250w, https:\/\/kurthummel.com\/wp-content\/uploads\/2018\/04\/Cover250_Gitarrenbuch-212x300.jpg 212w\" sizes=\"(max-width: 250px) 100vw, 250px\" \/><\/a><br \/>\n<\/strong><strong>Guitar Music Compositions &#8211; Kurt Hummel 1995-2017<br \/>\n<\/strong>56 Titel &#8211; erschienen bei epubli &#8211; Berlin &#8211; erh\u00e4ltlich bei:&nbsp; &nbsp;<a href=\"https:\/\/www.epubli.de\/shop\/buch\/Guitar-Music-Compositions-1995-2017-Kurt-Hummel-9783746718439\/74183\"><img loading=\"lazy\" class=\"alignnone size-full wp-image-744\" src=\"http:\/\/kurthummel.com\/wp-content\/uploads\/2018\/04\/epubli40.jpg\" alt=\"\" width=\"42\" height=\"49\"><\/a><em><a href=\"https:\/\/www.amazon.de\/Guitar-Music-Compositions-1995-2017-Hummel\/dp\/3746718430\"><img loading=\"lazy\" class=\"alignnone size-full wp-image-743\" src=\"http:\/\/kurthummel.com\/wp-content\/uploads\/2018\/04\/Amazon40.jpg\" alt=\"\" width=\"32\" height=\"30\"><\/a><\/em>&nbsp;&nbsp;<a href=\"http:\/\/shop.buchkatalog.de\/webapp\/wcs\/stores\/servlet\/\/Product\/Buecher\/Kurt-Hummel\/Guitar-Music-Compositions-1995-2017\/167206\/4099276460822233275\/3000001054897\/-3\">&nbsp;&nbsp;<\/a><a href=\"https:\/\/www.weltbild.de\/artikel\/buch\/guitar-music-compositions-1995-2017_24532446-1?rd=1\"><img loading=\"lazy\" class=\"alignnone size-full wp-image-750\" src=\"http:\/\/kurthummel.com\/wp-content\/uploads\/2018\/04\/weltbild40.jpg\" alt=\"\" width=\"60\" height=\"27\"><\/a>&nbsp;&nbsp;<a href=\"https:\/\/www.hugendubel.de\/de\/buch\/kurt_hummel-guitar_music_compositions_1995_2017-33011567-produkt-details.html\"><img loading=\"lazy\" class=\"alignnone size-full wp-image-754\" src=\"http:\/\/kurthummel.com\/wp-content\/uploads\/2018\/04\/Hugendubel40.jpg\" alt=\"\" width=\"18\" height=\"33\"><\/a><\/p>\n<p style=\"text-align: center;\"><em>Das Buch enth\u00e4lt einen Gro\u00dfteil der von Kurt Hummel in den Jahren 1995 bis 2017 komponierten St\u00fccke f\u00fcr die Sologitarre. Die 56 St\u00fccke sind in Noten und Tabulatur notiert und im Bereich mittelschwer einzustufen. Auch Informationen zu den einzelnen St\u00fccken sind zu finden (Story hinter den Kompositionen, Ver\u00f6ffentlichungen\u2026). Einige der St\u00fccke sind f\u00fcr Partialkapodaster notiert. Im ersten Teil des Buches ist auch einiges zur Person und dem Gitarrenspiel des Autors zu finden. Alle Texte sind in Deutsch und Englisch vorhanden.&nbsp;&nbsp;<\/em><\/p>\n<hr>\n<p style=\"text-align: center;\"><strong><img loading=\"lazy\" class=\"alignnone  wp-image-737\" src=\"http:\/\/kurthummel.com\/wp-content\/uploads\/2018\/04\/acousticWorks.jpg\" alt=\"\" width=\"152\" height=\"153\"><br \/>\n<\/strong><strong>Acoustic Guitar Works<br \/>\n<\/strong>&nbsp;4 Titel &#8211; erschienen in der Sonoton Recorded Music Library<\/p>\n<hr>\n<p style=\"text-align: center;\"><a href=\"http:\/\/kurthummel.com\/wp-content\/uploads\/2017\/07\/CD_LandscapeAndNature_150.jpg\"><img loading=\"lazy\" class=\"size-full wp-image-65 aligncenter\" src=\"http:\/\/kurthummel.com\/wp-content\/uploads\/2017\/07\/CD_LandscapeAndNature_150.jpg\" alt=\"CD_LandscapeAndNature_150\" width=\"150\" height=\"124\"><\/a><strong>&nbsp;Landscape and Nature<br \/>\n<\/strong>19 Titel &#8211; CD &#8211; erschienen bei Wonderland Records produced by Peter Finger in der &#8222;Guitar Music Library&#8220; Reihe<\/p>\n<hr>\n<p style=\"text-align: center;\"><strong><a href=\"http:\/\/kurthummel.com\/wp-content\/uploads\/2017\/07\/cafecopa.jpg\"><img loading=\"lazy\" class=\"aligncenter size-full wp-image-66\" src=\"http:\/\/kurthummel.com\/wp-content\/uploads\/2017\/07\/cafecopa.jpg\" alt=\"cafecopa\" width=\"150\" height=\"136\"><\/a>Caf\u00e9 Copacabana<br \/>\n<\/strong>1 Titel &#8211; CD &#8211; erschienen bei Zyx<\/p>\n<hr>\n<p style=\"text-align: center;\"><a href=\"http:\/\/kurthummel.com\/wp-content\/uploads\/2017\/07\/steelstring_klein.jpg\"><img loading=\"lazy\" class=\"size-full wp-image-70 aligncenter\" src=\"http:\/\/kurthummel.com\/wp-content\/uploads\/2017\/07\/steelstring_klein.jpg\" alt=\"steelstring_klein\" width=\"150\" height=\"149\"><\/a><strong>World of Steelstring Guitar<br \/>\n<\/strong>32 Titel &#8211; Doppel-CD &#8211; erschienen bei Zyx<\/p>\n<hr>\n<p style=\"text-align: center;\"><a href=\"http:\/\/kurthummel.com\/wp-content\/uploads\/2017\/07\/Atlantic_lounge.jpg\"><img loading=\"lazy\" class=\"size-full wp-image-71 aligncenter\" src=\"http:\/\/kurthummel.com\/wp-content\/uploads\/2017\/07\/Atlantic_lounge.jpg\" alt=\"Atlantic_lounge\" width=\"150\" height=\"128\"><\/a><strong>Atlantic Lounge &#8211; La Gomera &#8211; Castillo del Mar<br \/>\n<\/strong>2 Titel &#8211; Doppel-CD &#8211; erschienen bei Edel<\/p>\n<hr>\n<p style=\"text-align: center;\"><a href=\"http:\/\/kurthummel.com\/wp-content\/uploads\/2017\/07\/CD_romantic_guitar_klein.jpg\"><img loading=\"lazy\" class=\"aligncenter size-full wp-image-73\" src=\"http:\/\/kurthummel.com\/wp-content\/uploads\/2017\/07\/CD_romantic_guitar_klein.jpg\" alt=\"CD_romantic_guitar_klein\" width=\"150\" height=\"129\"><\/a><strong>World of Romantic Guitar&nbsp;<\/strong><br \/>\n24 Titel Doppel-CD &#8211; erschienen bei ZYX<\/p>\n<hr>\n<p style=\"text-align: center;\"><a href=\"http:\/\/kurthummel.com\/wp-content\/uploads\/2017\/07\/acoustic_guitar2.jpg\"><img loading=\"lazy\" class=\"aligncenter size-full wp-image-74\" src=\"http:\/\/kurthummel.com\/wp-content\/uploads\/2017\/07\/acoustic_guitar2.jpg\" alt=\"acoustic_guitar2\" width=\"150\" height=\"130\"><\/a><br \/>\n<strong>World of Acoustic Guitar<\/strong><br \/>\n6 Titel Doppel-CD &#8211; erschienen bei ZYX<\/p>\n<hr>\n<p style=\"text-align: center;\"><a href=\"http:\/\/kurthummel.com\/wp-content\/uploads\/2017\/07\/co_of_winter.jpg\"><img loading=\"lazy\" class=\"aligncenter size-full wp-image-77\" src=\"http:\/\/kurthummel.com\/wp-content\/uploads\/2017\/07\/co_of_winter.jpg\" alt=\"co_of_winter\" width=\"150\" height=\"124\"><\/a><strong>Colours of Winter<br \/>\n<\/strong>1 Titel Doppel-CD &#8211; erschienen bei Delta<\/p>\n<hr>\n<p style=\"text-align: center;\"><a href=\"http:\/\/kurthummel.com\/wp-content\/uploads\/2017\/07\/ambient_klein.jpg\"><img loading=\"lazy\" class=\"aligncenter size-full wp-image-79\" src=\"http:\/\/kurthummel.com\/wp-content\/uploads\/2017\/07\/ambient_klein.jpg\" alt=\"ambient_klein\" width=\"150\" height=\"150\"><\/a><strong>Ambient Guitars<br \/>\n<\/strong>4 Titel &#8211; erschienen in der Sonoton Recorded Music Library<\/p>\n<hr>\n<p style=\"text-align: center;\"><a href=\"http:\/\/kurthummel.com\/wp-content\/uploads\/2017\/07\/piano_lounge_klein.jpg\"><img loading=\"lazy\" class=\"aligncenter size-full wp-image-81\" src=\"http:\/\/kurthummel.com\/wp-content\/uploads\/2017\/07\/piano_lounge_klein.jpg\" alt=\"piano_lounge_klein\" width=\"150\" height=\"128\"><\/a><strong>Piano Lounge<br \/>\n<\/strong>Doppel CD 1 Titel &#8211; erschienen bei ZYX<\/p>\n<hr>\n<p style=\"text-align: center;\"><a href=\"http:\/\/kurthummel.com\/wp-content\/uploads\/2017\/07\/christmas_chill_klein.jpg\"><img loading=\"lazy\" class=\"aligncenter size-full wp-image-83\" src=\"http:\/\/kurthummel.com\/wp-content\/uploads\/2017\/07\/christmas_chill_klein.jpg\" alt=\"christmas_chill_klein\" width=\"150\" height=\"131\"><\/a><br \/>\n<strong>Christmas Chill<br \/>\n<\/strong>2 Titel &#8211; erschienen bei ZYX<\/p>\n<hr>\n<p style=\"text-align: center;\"><a href=\"http:\/\/kurthummel.com\/wp-content\/uploads\/2017\/07\/CD_zwergelinchen_klein.jpg\"><img loading=\"lazy\" class=\"aligncenter size-full wp-image-84\" src=\"http:\/\/kurthummel.com\/wp-content\/uploads\/2017\/07\/CD_zwergelinchen_klein.jpg\" alt=\"CD_zwergelinchen_klein\" width=\"150\" height=\"151\"><\/a><br \/>\n<strong>Zwergelinchen<br \/>\n<\/strong>erschienen bei Polymedia und ZYX 3-teilig und<br \/>\ndas Musical 14 Titel (mit M.Frey)<\/p>\n<hr>\n<p style=\"text-align: center;\"><a href=\"http:\/\/kurthummel.com\/wp-content\/uploads\/2017\/07\/CD_world_images_klein.jpg\"><img loading=\"lazy\" class=\"aligncenter size-full wp-image-86\" src=\"http:\/\/kurthummel.com\/wp-content\/uploads\/2017\/07\/CD_world_images_klein.jpg\" alt=\"CD_world_images_klein\" width=\"150\" height=\"151\"><\/a><br \/>\n<strong>World Images<br \/>\n<\/strong>3 Titel &#8211; erschienen in der Sonoton Recorded Music Library<\/p>\n<hr>\n<p style=\"text-align: center;\"><a href=\"http:\/\/kurthummel.com\/wp-content\/uploads\/2017\/07\/Creative_klein.jpg\"><img loading=\"lazy\" class=\"aligncenter size-full wp-image-87\" src=\"http:\/\/kurthummel.com\/wp-content\/uploads\/2017\/07\/Creative_klein.jpg\" alt=\"Creative_klein\" width=\"150\" height=\"151\"><\/a><br \/>\n<strong>Creative Images<br \/>\n<\/strong>1 Titel &#8211; erschienen in der Sonoton Recorded Music Library<\/p>\n<hr>\n<p style=\"text-align: center;\"><a href=\"http:\/\/kurthummel.com\/wp-content\/uploads\/2017\/07\/Commercial_klein.jpg\"><img loading=\"lazy\" class=\"aligncenter size-full wp-image-90\" src=\"http:\/\/kurthummel.com\/wp-content\/uploads\/2017\/07\/Commercial_klein.jpg\" alt=\"Commercial_klein\" width=\"150\" height=\"153\"><\/a><br \/>\n<strong>Commercial Length Cuts<br \/>\n<\/strong>4 Titel &#8211; erschienen in der Sonoton Recorded Music Library<\/p>\n<hr>\n<p style=\"text-align: center;\"><a href=\"http:\/\/kurthummel.com\/wp-content\/uploads\/2017\/07\/CD_urban_beat_klein.jpg\"><img loading=\"lazy\" class=\"aligncenter size-full wp-image-89\" src=\"http:\/\/kurthummel.com\/wp-content\/uploads\/2017\/07\/CD_urban_beat_klein.jpg\" alt=\"CD_urban_beat_klein\" width=\"150\" height=\"149\"><\/a><br \/>\n<strong>Urban Beat<br \/>\n<\/strong>6 Titel &#8211; erschienen in der Sonoton Recorded Music Library<\/p>\n<hr>\n<p style=\"text-align: center;\"><a href=\"http:\/\/kurthummel.com\/wp-content\/uploads\/2017\/07\/CD_hot_and_cool_klein.jpg\"><img loading=\"lazy\" class=\"aligncenter size-full wp-image-91\" src=\"http:\/\/kurthummel.com\/wp-content\/uploads\/2017\/07\/CD_hot_and_cool_klein.jpg\" alt=\"CD_hot_and_cool_klein\" width=\"150\" height=\"153\"><\/a><br \/>\n<strong>Hot and Cool<br \/>\n<\/strong>3 Titel &#8211; erschienen in der Sonoton Recorded Music Library<\/p>\n<hr>\n<p style=\"text-align: center;\"><a href=\"http:\/\/kurthummel.com\/wp-content\/uploads\/2017\/07\/CD_guitar_texture_klein.jpg\"><img loading=\"lazy\" class=\"aligncenter size-full wp-image-93\" src=\"http:\/\/kurthummel.com\/wp-content\/uploads\/2017\/07\/CD_guitar_texture_klein.jpg\" alt=\"CD_guitar_texture_klein\" width=\"150\" height=\"154\"><\/a><br \/>\n<strong>Guitar Texture<br \/>\n<\/strong>15 Titel &#8211; erschienen in der Sonoton Recorded Music Library<\/p>\n<hr>\n","protected":false},"excerpt":{"rendered":"<p>&nbsp; At the Undefined Edge &nbsp;13 Titel &#8211; Ver\u00f6ffentlicht auf diversen Internetportalen (Spotify, ITunes&#8230;) &nbsp; Another World &nbsp;13 Titel &#8211; Ver\u00f6ffentlicht auf diversen Internetportalen (Spotify, ITunes&#8230;) I&#8217;m just a Machine &nbsp;1 Titel &#8211; Ver\u00f6ffentlicht auf diversen Internetportalen (Spotify, ITunes&#8230;) Back on the Hill &nbsp;21 Titel &#8211; CD mit 12-seitigem Booklet &#8211; erschienen by Calygram Not &hellip; <a href=\"https:\/\/kurthummel.com\/?page_id=154\" class=\"more-link\"><span class=\"screen-reader-text\">Ver\u00f6ffentlichungen \/ CDs<\/span> weiterlesen <span class=\"meta-nav\">&rarr;<\/span><\/a><\/p>\n","protected":false},"author":1,"featured_media":0,"parent":0,"menu_order":0,"comment_status":"closed","ping_status":"closed","template":"","meta":{"ngg_post_thumbnail":0},"_links":{"self":[{"href":"https:\/\/kurthummel.com\/index.php?rest_route=\/wp\/v2\/pages\/154"}],"collection":[{"href":"https:\/\/kurthummel.com\/index.php?rest_route=\/wp\/v2\/pages"}],"about":[{"href":"https:\/\/kurthummel.com\/index.php?rest_route=\/wp\/v2\/types\/page"}],"author":[{"embeddable":true,"href":"https:\/\/kurthummel.com\/index.php?rest_route=\/wp\/v2\/users\/1"}],"replies":[{"embeddable":true,"href":"https:\/\/kurthummel.com\/index.php?rest_route=%2Fwp%2Fv2%2Fcomments&post=154"}],"version-history":[{"count":19,"href":"https:\/\/kurthummel.com\/index.php?rest_route=\/wp\/v2\/pages\/154\/revisions"}],"predecessor-version":[{"id":1314,"href":"https:\/\/kurthummel.com\/index.php?rest_route=\/wp\/v2\/pages\/154\/revisions\/1314"}],"wp:attachment":[{"href":"https:\/\/kurthummel.com\/index.php?rest_route=%2Fwp%2Fv2%2Fmedia&parent=154"}],"curies":[{"name":"wp","href":"https:\/\/api.w.org\/{rel}","templated":true}]}}