{"id":162,"date":"2017-07-30T09:43:00","date_gmt":"2017-07-30T09:43:00","guid":{"rendered":"http:\/\/kurthummel.com\/?page_id=162"},"modified":"2022-10-12T12:12:39","modified_gmt":"2022-10-12T12:12:39","slug":"musik-hoeren","status":"publish","type":"page","link":"https:\/\/kurthummel.com\/?page_id=162","title":{"rendered":"Musik h\u00f6ren"},"content":{"rendered":"\n<figure class=\"wp-block-embed is-type-rich is-provider-spotify wp-block-embed-spotify wp-embed-aspect-21-9 wp-has-aspect-ratio\"><div class=\"wp-block-embed__wrapper\">\n<iframe title=\"Spotify Embed: Kurt Hummel\" style=\"border-radius: 12px\" width=\"100%\" height=\"380\" frameborder=\"0\" allowfullscreen allow=\"autoplay; clipboard-write; encrypted-media; fullscreen; picture-in-picture\" loading=\"lazy\" src=\"https:\/\/open.spotify.com\/embed\/artist\/2gHcqnIrEwW1HxDC2ZjTkX?si=7jTmanmpRZmXLONMCxM1Zw&#038;utm_source=oembed\"><\/iframe>\n<\/div><\/figure>\n\n\n<!--[if lt IE 9]><script>document.createElement('audio');<\/script><![endif]-->\n<audio class=\"wp-audio-shortcode\" id=\"audio-162-1\" preload=\"on\" style=\"width: 100%;\" controls=\"controls\"><source type=\"audio\/mpeg\" src=\"http:\/\/kurthummel.com\/wp-content\/uploads\/2021\/08\/Little-Jane.mp3?_=1\" \/><a href=\"http:\/\/kurthummel.com\/wp-content\/uploads\/2021\/08\/Little-Jane.mp3\">http:\/\/kurthummel.com\/wp-content\/uploads\/2021\/08\/Little-Jane.mp3<\/a><\/audio>\n<p>Dieses St\u00fcck spuckt schon einige Zeit in meinem Kopf herum (mindestens ein Jahr). Ich konnte mich nie entscheiden es aufzunehmen, weder als Audio noch als Video &#8211; es war irgendwie noch nicht fertig.<br data-rich-text-line-break=\"true\">Nachdem ich meiner (zusammenklappbaren) kleinen Reisegitarre der Firma Furch &#8222;Little Jane&#8220; einen Tonabnehmer geg\u00f6nnt habe &#8211; einen passiven der Firma Journey, den ich nur empfehlen kann und den ich auch selbst einbauen konnte &#8211; , habe ich zum Testen dieses St\u00fcck aufgenommen. Da ich meistens auch eine Videokamera mitlaufen lasse, kam diese Aufnahme zustande. Wegen eines noch fehlenden Titels erhielt das St\u00fcck den Namen der Gitarre <strong>&#8222;Little Jane&#8220;<\/strong>!&nbsp;<\/p>\n<p><img loading=\"lazy\" class=\"alignnone size-full wp-image-1059\" src=\"http:\/\/kurthummel.com\/wp-content\/uploads\/2021\/08\/Jane.jpg\" alt=\"\" width=\"1000\" height=\"563\" srcset=\"https:\/\/kurthummel.com\/wp-content\/uploads\/2021\/08\/Jane.jpg 1000w, https:\/\/kurthummel.com\/wp-content\/uploads\/2021\/08\/Jane-300x169.jpg 300w, https:\/\/kurthummel.com\/wp-content\/uploads\/2021\/08\/Jane-768x432.jpg 768w\" sizes=\"(max-width: 1000px) 100vw, 1000px\" \/><\/p>\n<hr>\n<audio class=\"wp-audio-shortcode\" id=\"audio-162-2\" preload=\"on\" style=\"width: 100%;\" controls=\"controls\"><source type=\"audio\/mpeg\" src=\"http:\/\/kurthummel.com\/wp-content\/uploads\/2020\/05\/Between_the_Beaches.mp3?_=2\" \/><a href=\"http:\/\/kurthummel.com\/wp-content\/uploads\/2020\/05\/Between_the_Beaches.mp3\">http:\/\/kurthummel.com\/wp-content\/uploads\/2020\/05\/Between_the_Beaches.mp3<\/a><\/audio>\n<p><strong>&#8222;Between the Beaches&#8220; <\/strong>Dieses St\u00fcck entstand am Anfang des Jahres 2020 zu Hause in Allendorf und ist inspiriert von der Sehnsucht nach Sommer und Meer. <img loading=\"lazy\" class=\"alignnone wp-image-826 size-full\" src=\"http:\/\/kurthummel.com\/wp-content\/uploads\/2017\/12\/KurtAufLoewe1.jpg\" alt=\"\" width=\"1599\" height=\"899\" srcset=\"https:\/\/kurthummel.com\/wp-content\/uploads\/2017\/12\/KurtAufLoewe1.jpg 1599w, https:\/\/kurthummel.com\/wp-content\/uploads\/2017\/12\/KurtAufLoewe1-300x169.jpg 300w, https:\/\/kurthummel.com\/wp-content\/uploads\/2017\/12\/KurtAufLoewe1-768x432.jpg 768w, https:\/\/kurthummel.com\/wp-content\/uploads\/2017\/12\/KurtAufLoewe1-1024x576.jpg 1024w\" sizes=\"(max-width: 1599px) 100vw, 1599px\" \/><\/p>\n<hr>\n<audio class=\"wp-audio-shortcode\" id=\"audio-162-3\" preload=\"on\" style=\"width: 100%;\" controls=\"controls\"><source type=\"audio\/mpeg\" src=\"http:\/\/kurthummel.com\/wp-content\/uploads\/2018\/04\/NewPerspectivesInKnownPlaces.mp3?_=3\" \/><a href=\"http:\/\/kurthummel.com\/wp-content\/uploads\/2018\/04\/NewPerspectivesInKnownPlaces.mp3\">http:\/\/kurthummel.com\/wp-content\/uploads\/2018\/04\/NewPerspectivesInKnownPlaces.mp3<\/a><\/audio>\n<p><strong>&#8222;New Perspectives in Known Places&#8220; <\/strong>Es kommt vor, dass man an Orten, an denen man schon oft war und die man gut zu kennen glaubt, neue optische oder auch soziale Perspektiven erkennt. Unter diesem Eindruck ist das St\u00fcck \u201eNew Perspectives in Known Places\u201c im Herbst 2017 entstanden. <img loading=\"lazy\" class=\"alignnone size-full wp-image-733\" src=\"http:\/\/kurthummel.com\/wp-content\/uploads\/2018\/04\/NewPerspectives.jpg\" alt=\"\" width=\"600\" height=\"450\" srcset=\"https:\/\/kurthummel.com\/wp-content\/uploads\/2018\/04\/NewPerspectives.jpg 600w, https:\/\/kurthummel.com\/wp-content\/uploads\/2018\/04\/NewPerspectives-300x225.jpg 300w\" sizes=\"(max-width: 600px) 100vw, 600px\" \/><\/p>\n<hr>\n<audio class=\"wp-audio-shortcode\" id=\"audio-162-4\" preload=\"on\" style=\"width: 100%;\" controls=\"controls\"><source type=\"audio\/mpeg\" src=\"http:\/\/kurthummel.com\/wp-content\/uploads\/2017\/08\/KH_Sao_Miguel.mp3?_=4\" \/><a href=\"http:\/\/kurthummel.com\/wp-content\/uploads\/2017\/08\/KH_Sao_Miguel.mp3\">http:\/\/kurthummel.com\/wp-content\/uploads\/2017\/08\/KH_Sao_Miguel.mp3<\/a><\/audio>\n<p><strong>&#8222;S\u00e3o Miguel&#8220;<\/strong> Das Thema zu diesem St\u00fcck ist auf der Insel \u201eS\u00e3o Miguel\u201c, die Hauptinsel der Azoren entstanden. Die Insel liegt mitten im atlantischen Ozean und ist gr\u00fcn und fruchtbar. Deshalb hat das St\u00fcck auch einen fr\u00f6hlichen und positiven Charakter (meinem Gef\u00fchl nach zu mindestens).<br><img loading=\"lazy\" class=\"alignnone size-full wp-image-588\" src=\"http:\/\/kurthummel.com\/wp-content\/uploads\/2017\/07\/SaoMiguel.jpg\" alt=\"\" width=\"600\" height=\"338\" srcset=\"https:\/\/kurthummel.com\/wp-content\/uploads\/2017\/07\/SaoMiguel.jpg 600w, https:\/\/kurthummel.com\/wp-content\/uploads\/2017\/07\/SaoMiguel-300x169.jpg 300w\" sizes=\"(max-width: 600px) 100vw, 600px\" \/><\/p>\n<hr>\n<audio class=\"wp-audio-shortcode\" id=\"audio-162-5\" preload=\"on\" style=\"width: 100%;\" controls=\"controls\"><source type=\"audio\/mpeg\" src=\"http:\/\/kurthummel.com\/wp-content\/uploads\/2017\/07\/JardimAtlantico.mp3?_=5\" \/><a href=\"http:\/\/kurthummel.com\/wp-content\/uploads\/2017\/07\/JardimAtlantico.mp3\">http:\/\/kurthummel.com\/wp-content\/uploads\/2017\/07\/JardimAtlantico.mp3<\/a><\/audio>\n<p><strong>&#8222;Jardim Atlantico&#8220;<\/strong> Das Grundthema dieses St\u00fccks ist im April 2016 auf Madeira entstanden. Der Name des Titels ist auch der Name eines Hotels dort. Beendet habe ich das St\u00fcck dann im Mai 2016 auf Kreta, wo ich viel Zeit mit der Gitarre verbracht habe.<br><img loading=\"lazy\" class=\"alignnone size-full wp-image-246\" src=\"http:\/\/kurthummel.com\/wp-content\/uploads\/2017\/07\/JardimAtlantico.jpg\" alt=\"\" width=\"600\" height=\"313\" srcset=\"https:\/\/kurthummel.com\/wp-content\/uploads\/2017\/07\/JardimAtlantico.jpg 600w, https:\/\/kurthummel.com\/wp-content\/uploads\/2017\/07\/JardimAtlantico-300x157.jpg 300w\" sizes=\"(max-width: 600px) 100vw, 600px\" \/><\/p>\n<hr>\n<audio class=\"wp-audio-shortcode\" id=\"audio-162-6\" preload=\"on\" style=\"width: 100%;\" controls=\"controls\"><source type=\"audio\/mpeg\" src=\"http:\/\/kurthummel.com\/wp-content\/uploads\/2017\/07\/BackOnTheHill.mp3?_=6\" \/><a href=\"http:\/\/kurthummel.com\/wp-content\/uploads\/2017\/07\/BackOnTheHill.mp3\">http:\/\/kurthummel.com\/wp-content\/uploads\/2017\/07\/BackOnTheHill.mp3<\/a><\/audio>\n<p><strong>&#8222;Back On The Hill&#8220;<\/strong> Es gibt f\u00fcr jeden magische Pl\u00e4tze, an denen man ruhiger und zufriedener ist. Ein solcher Platz ist f\u00fcr mich ein H\u00fcgel im S\u00fcden Kretas. Nach diversen Jahren habe ich hier mal wieder \u00f6fters in den sp\u00e4ten Nachmittagsstunden mit der Gitarre gesessen, gespielt, neue Ideen bekommen und bearbeitet. An dieser Stelle sind schon die Gitarrenst\u00fccke \u201eRetsina Hill\u201c und \u201eOld Couple\u201c entstanden.<br><a href=\"http:\/\/kurthummel.com\/wp-content\/uploads\/2017\/07\/BackOnTheHill.jpg\"><img loading=\"lazy\" class=\"aligncenter size-medium wp-image-381\" src=\"http:\/\/kurthummel.com\/wp-content\/uploads\/2017\/07\/BackOnTheHill.jpg\" alt=\"Back on the Hill\" width=\"600\" height=\"242\"><\/a><\/p>\n<hr>\n<audio class=\"wp-audio-shortcode\" id=\"audio-162-7\" preload=\"on\" style=\"width: 100%;\" controls=\"controls\"><source type=\"audio\/mpeg\" src=\"http:\/\/kurthummel.com\/wp-content\/uploads\/2017\/07\/I_may_come_back.mp3?_=7\" \/><a href=\"http:\/\/kurthummel.com\/wp-content\/uploads\/2017\/07\/I_may_come_back.mp3\">http:\/\/kurthummel.com\/wp-content\/uploads\/2017\/07\/I_may_come_back.mp3<\/a><\/audio>\n<p><strong>&#8222;I may come back&#8220;<\/strong> Wenn man einen Ort verl\u00e4sst, den man mag,&nbsp; so entsteht immer das Gef\u00fchl &#8222;Ich komme vielleicht wieder&#8220;, und das immer mehr mit &#8222;vielleicht&#8220;, je \u00e4lter man wird.<br><a href=\"http:\/\/kurthummel.com\/wp-content\/uploads\/2017\/07\/I_may_come_back.jpg\"><img loading=\"lazy\" class=\"aligncenter size-medium wp-image-381\" src=\"http:\/\/kurthummel.com\/wp-content\/uploads\/2017\/07\/I_may_come_back-200x300.jpg\" alt=\"I_may_come_back\" width=\"200\" height=\"300\"><\/a><\/p>\n<hr>\n<audio class=\"wp-audio-shortcode\" id=\"audio-162-8\" preload=\"on\" style=\"width: 100%;\" controls=\"controls\"><source type=\"audio\/mpeg\" src=\"http:\/\/kurthummel.com\/wp-content\/uploads\/2017\/07\/Oddyseas.mp3?_=8\" \/><a href=\"http:\/\/kurthummel.com\/wp-content\/uploads\/2017\/07\/Oddyseas.mp3\">http:\/\/kurthummel.com\/wp-content\/uploads\/2017\/07\/Oddyseas.mp3<\/a><\/audio>\n<p><strong>&#8222;Meet You at Odysseas&#8220;<\/strong> Ist ein Komposition, die ich einem magischen Ort (einer Taverne) im S\u00fcden Kretas gewidmet habe -hier scheint die Zeit stehengeblieben zu sein.<br><a href=\"http:\/\/kurthummel.com\/wp-content\/uploads\/2017\/07\/Odyseas.jpg\"><img loading=\"lazy\" class=\"aligncenter size-medium wp-image-382\" src=\"http:\/\/kurthummel.com\/wp-content\/uploads\/2017\/07\/Odyseas-300x225.jpg\" alt=\"Odyseas\" width=\"300\" height=\"225\"><\/a><\/p>\n<hr>\n<audio class=\"wp-audio-shortcode\" id=\"audio-162-9\" preload=\"on\" style=\"width: 100%;\" controls=\"controls\"><source type=\"audio\/mpeg\" src=\"http:\/\/kurthummel.com\/wp-content\/uploads\/2017\/07\/Oshokbo.mp3?_=9\" \/><a href=\"http:\/\/kurthummel.com\/wp-content\/uploads\/2017\/07\/Oshokbo.mp3\">http:\/\/kurthummel.com\/wp-content\/uploads\/2017\/07\/Oshokbo.mp3<\/a><\/audio>\n<p><strong>&#8222;Oshokbo&#8220;<\/strong> ist ein R\u00fcckblick auf einen Besuch in Nigeria. Wir besuchten die \u00f6sterreichische K\u00fcnstlerin Susanne Wenger, die vor vielen Jahren nach Nigeria ging um Yoruba-Priesterin zu werden. Sie hat dort fantastische Kunstwerke geschaffen und der Besuch wirkt bis heute nach.<br><a href=\"http:\/\/kurthummel.com\/wp-content\/uploads\/2017\/07\/Oshokbo.jpg\"><img loading=\"lazy\" class=\"aligncenter size-medium wp-image-161\" src=\"http:\/\/kurthummel.com\/wp-content\/uploads\/2017\/07\/Oshokbo-218x300.jpg\" alt=\"Oshokbo\" width=\"218\" height=\"300\"><\/a><\/p>\n<hr>\n<audio class=\"wp-audio-shortcode\" id=\"audio-162-10\" preload=\"on\" style=\"width: 100%;\" controls=\"controls\"><source type=\"audio\/mpeg\" src=\"http:\/\/kurthummel.com\/wp-content\/uploads\/2017\/07\/Sougia12.mp3?_=10\" \/><a href=\"http:\/\/kurthummel.com\/wp-content\/uploads\/2017\/07\/Sougia12.mp3\">http:\/\/kurthummel.com\/wp-content\/uploads\/2017\/07\/Sougia12.mp3<\/a><\/audio>\n<p><strong>&#8222;Sougia&#8220;<\/strong>,&nbsp; ein Ort im&nbsp;S\u00fcdwesten von Kreta. Dieses St\u00fcck entstand im fr\u00fchen Sommer 2010&nbsp;dort.<br><a href=\"http:\/\/kurthummel.com\/wp-content\/uploads\/2017\/07\/sougia.jpg\"><img loading=\"lazy\" class=\"aligncenter size-medium wp-image-230\" src=\"http:\/\/kurthummel.com\/wp-content\/uploads\/2017\/07\/sougia-300x225.jpg\" alt=\"sougia\" width=\"300\" height=\"225\"><\/a><\/p>\n<hr>\n<audio class=\"wp-audio-shortcode\" id=\"audio-162-11\" preload=\"of\" style=\"width: 100%;\" controls=\"controls\"><source type=\"audio\/mpeg\" src=\"http:\/\/kurthummel.com\/wp-content\/uploads\/2017\/07\/baros.mp3?_=11\" \/><a href=\"http:\/\/kurthummel.com\/wp-content\/uploads\/2017\/07\/baros.mp3\">http:\/\/kurthummel.com\/wp-content\/uploads\/2017\/07\/baros.mp3<\/a><\/audio>\n<p>Das St\u00fcck<strong> &#8222;Baros&#8220;<\/strong> erz\u00e4hlt von einer kleinen Malediveninsel mit genau diesem Namen.<br><a href=\"http:\/\/kurthummel.com\/wp-content\/uploads\/2017\/07\/MB_Baros.jpg\"><img loading=\"lazy\" class=\"aligncenter size-medium wp-image-236\" src=\"http:\/\/kurthummel.com\/wp-content\/uploads\/2017\/07\/MB_Baros-300x192.jpg\" alt=\"MB_Baros\" width=\"300\" height=\"192\"><\/a><\/p>\n<hr>\n<audio class=\"wp-audio-shortcode\" id=\"audio-162-12\" preload=\"of\" style=\"width: 100%;\" controls=\"controls\"><source type=\"audio\/mpeg\" src=\"http:\/\/kurthummel.com\/wp-content\/uploads\/2017\/07\/Waltz_by_Circumstances.mp3?_=12\" \/><a href=\"http:\/\/kurthummel.com\/wp-content\/uploads\/2017\/07\/Waltz_by_Circumstances.mp3\">http:\/\/kurthummel.com\/wp-content\/uploads\/2017\/07\/Waltz_by_Circumstances.mp3<\/a><\/audio>\n<p><strong>&#8222;Waltz by Circumstances&#8220;<\/strong> &#8211; Wenn ein Thema nicht so richtig im 4\/4-Takt klingen will und man zuf\u00e4llig aus Unkonzentriertheit in einen Walzer verf\u00e4llt &#8211; klingt es pl\u00f6tzlich!<br><a href=\"http:\/\/kurthummel.com\/wp-content\/uploads\/2017\/07\/circumstances.jpg\"><img loading=\"lazy\" class=\"aligncenter size-medium wp-image-266\" src=\"http:\/\/kurthummel.com\/wp-content\/uploads\/2017\/07\/circumstances-224x300.jpg\" alt=\"circumstances\" width=\"224\" height=\"300\"><\/a><\/p>\n<hr>\n<audio class=\"wp-audio-shortcode\" id=\"audio-162-13\" preload=\"of\" style=\"width: 100%;\" controls=\"controls\"><source type=\"audio\/mpeg\" src=\"http:\/\/kurthummel.com\/wp-content\/uploads\/2017\/07\/Retsina_Hill.mp3?_=13\" \/><a href=\"http:\/\/kurthummel.com\/wp-content\/uploads\/2017\/07\/Retsina_Hill.mp3\">http:\/\/kurthummel.com\/wp-content\/uploads\/2017\/07\/Retsina_Hill.mp3<\/a><\/audio>\n<p><strong>&#8222;Retsina Hill&#8220;<\/strong> &#8211; In der Abendsonne am libyschen Meer ist sitzen, Retsina zu trinken und Gitarre zu spielen &#8211; was sollte es sch\u00f6neres geben?<br><a href=\"http:\/\/kurthummel.com\/wp-content\/uploads\/2017\/07\/RetsinaHill.jpg\"><img loading=\"lazy\" class=\"aligncenter size-medium wp-image-267\" src=\"http:\/\/kurthummel.com\/wp-content\/uploads\/2017\/07\/RetsinaHill-200x300.jpg\" alt=\"RetsinaHill\" width=\"200\" height=\"300\"><\/a><\/p>\n<hr>\n<audio class=\"wp-audio-shortcode\" id=\"audio-162-14\" preload=\"of\" style=\"width: 100%;\" controls=\"controls\"><source type=\"audio\/mpeg\" src=\"http:\/\/kurthummel.com\/wp-content\/uploads\/2017\/07\/3coffee.mp3?_=14\" \/><a href=\"http:\/\/kurthummel.com\/wp-content\/uploads\/2017\/07\/3coffee.mp3\">http:\/\/kurthummel.com\/wp-content\/uploads\/2017\/07\/3coffee.mp3<\/a><\/audio>\n<p><strong>&#8222;Third Coffee&#8220;<\/strong> entstand in der Toskana beim Besuch eines Freundes.<br>Es war ein entsetzlich hei\u00dfer Tag und in der Mittagszeit sa\u00df ich mit meiner Gitarre auf einer Treppe im Schatten hinter dem Haus. Das einzige was man tun konnte, war Kaffee trinken, auf den Abend warten und eben dieses St\u00fcck komponieren.<br><a href=\"http:\/\/kurthummel.com\/wp-content\/uploads\/2017\/07\/MB_Coffee.jpg\"><img loading=\"lazy\" class=\"aligncenter size-medium wp-image-268\" src=\"http:\/\/kurthummel.com\/wp-content\/uploads\/2017\/07\/MB_Coffee-200x300.jpg\" alt=\"MB_Coffee\" width=\"200\" height=\"300\"><\/a><\/p>\n<hr>\n<audio class=\"wp-audio-shortcode\" id=\"audio-162-15\" preload=\"of\" style=\"width: 100%;\" controls=\"controls\"><source type=\"audio\/mpeg\" src=\"http:\/\/kurthummel.com\/wp-content\/uploads\/2017\/07\/oldCouple_12str.mp3?_=15\" \/><a href=\"http:\/\/kurthummel.com\/wp-content\/uploads\/2017\/07\/oldCouple_12str.mp3\">http:\/\/kurthummel.com\/wp-content\/uploads\/2017\/07\/oldCouple_12str.mp3<\/a><\/audio>\n<p><strong>&#8222;Old Couple&#8220;<\/strong> &#8211; Oft im Herbst bin ich im S\u00fcden von Kreta. Am sp\u00e4ten Nachmittag gehe ich, wann immer ich kann, auf einen H\u00fcgel in der N\u00e4he des Ortes in dem ich dort bin.<br>Eines Abends sehe ich auf dem gegen\u00fcberliegenden H\u00fcgel, inmitten ihrer Schafe, einen Hirten und seine Frau. Der Hirte steht und die Frau sitzt auf einem Felsen. Ich bin irgendwie beeindruckt, das sich das Paar dort abends zu seinen Schafen setzt. Am n\u00e4chsten Abend sehe ich sie wieder dort sitzen, diesmal allerdings ohne Schafe. Ich bin immer noch beeindruckt, dass sie sich die Zeit nehmen dort die Zeit vor dem Sonnenuntergang zusammen zu verbringen (was ich ehrlich gesagt f\u00fcr nicht typisch kretisch halte). Als auch am dritten Tag das Paar wieder dort ist, wieder ohne Schafe, beschlie\u00dfe ich mal hin\u00fcberzulaufen. Dort angekommen erkenne ich, dass es gar kein Paar gibt, sondern es nur ein Trugbild aus Schatten und Felsen war. Allerdings hat mir die Idee so gut gefallen, das der alte Hirte und seine Frau ihre Abendstunden mit ihren Schafen verbringen, dass ich dem St\u00fcck den Titel &#8222;Old couple&#8220; gegeben habe.<br><a href=\"http:\/\/kurthummel.com\/wp-content\/uploads\/2017\/07\/oldcouple.jpg\"><img loading=\"lazy\" class=\"aligncenter size-medium wp-image-291\" src=\"http:\/\/kurthummel.com\/wp-content\/uploads\/2017\/07\/oldcouple-300x225.jpg\" alt=\"oldcouple\" width=\"300\" height=\"225\"><\/a><\/p>\n<hr>\n<audio class=\"wp-audio-shortcode\" id=\"audio-162-16\" preload=\"of\" style=\"width: 100%;\" controls=\"controls\"><source type=\"audio\/mpeg\" src=\"http:\/\/kurthummel.com\/wp-content\/uploads\/2017\/07\/bernas.mp3?_=16\" \/><a href=\"http:\/\/kurthummel.com\/wp-content\/uploads\/2017\/07\/bernas.mp3\">http:\/\/kurthummel.com\/wp-content\/uploads\/2017\/07\/bernas.mp3<\/a><\/audio>\n<p><strong>&#8222;Bernas&#8220;<\/strong> ist ein sehr kleiner Ort in der Provence am Flu\u00df Ceze, der zwischen Ardeche und Gardon flie\u00dft. Das St\u00fcck &#8222;Bernas&#8220; entstand vor einigen Jahren genau dort, immer mit dem Blick auf die Felsen, die auch auf der Fotografie zu sehen sind.<br><a href=\"http:\/\/kurthummel.com\/wp-content\/uploads\/2017\/07\/bernas.jpg\"><img loading=\"lazy\" class=\"aligncenter size-medium wp-image-294\" src=\"http:\/\/kurthummel.com\/wp-content\/uploads\/2017\/07\/bernas-224x300.jpg\" alt=\"bernas\" width=\"224\" height=\"300\"><\/a><\/p>\n<hr>\n<audio class=\"wp-audio-shortcode\" id=\"audio-162-17\" preload=\"of\" style=\"width: 100%;\" controls=\"controls\"><source type=\"audio\/mpeg\" src=\"http:\/\/kurthummel.com\/wp-content\/uploads\/2017\/07\/titel2.mp3?_=17\" \/><a href=\"http:\/\/kurthummel.com\/wp-content\/uploads\/2017\/07\/titel2.mp3\">http:\/\/kurthummel.com\/wp-content\/uploads\/2017\/07\/titel2.mp3<\/a><\/audio>\n<p>Der Walzer <strong>&#8222;Music for S.&#8220;<\/strong> entstand im S\u00fcden der Insel Kreta.<br>Das St\u00fcck ist ein Liebeslied, f\u00fcr die, die man trifft, sich ein bisschen in sie verliebt ohne dass viel passiert, sie dann aber schnell wieder aus den Augen verliert und doch immer wieder an sie denkt.<br><a href=\"http:\/\/kurthummel.com\/wp-content\/uploads\/2017\/07\/Lentas.jpg\"><img loading=\"lazy\" class=\"aligncenter size-medium wp-image-295\" src=\"http:\/\/kurthummel.com\/wp-content\/uploads\/2017\/07\/Lentas-300x225.jpg\" alt=\"Lentas\" width=\"300\" height=\"225\"><\/a><\/p>\n<hr>\n<audio class=\"wp-audio-shortcode\" id=\"audio-162-18\" preload=\"of\" style=\"width: 100%;\" controls=\"controls\"><source type=\"audio\/mpeg\" src=\"http:\/\/kurthummel.com\/wp-content\/uploads\/2017\/07\/Underneath_a_Giant_Reedwood.mp3?_=18\" \/><a href=\"http:\/\/kurthummel.com\/wp-content\/uploads\/2017\/07\/Underneath_a_Giant_Reedwood.mp3\">http:\/\/kurthummel.com\/wp-content\/uploads\/2017\/07\/Underneath_a_Giant_Reedwood.mp3<\/a><\/audio>\n<p>Die Ballade <strong>&#8222;Underneath a Giant Redwood&#8220;<\/strong> habe ich einem Freund gewidmet, der vor nicht all zu langer Zeit unverhofft und fr\u00fch starb. Er wurde unter einem Mammutbaum begraben.<\/p>\n<hr>\n\n\n<p><\/p>\n","protected":false},"excerpt":{"rendered":"<p>Dieses St\u00fcck spuckt schon einige Zeit in meinem Kopf herum (mindestens ein Jahr). Ich konnte mich nie entscheiden es aufzunehmen, weder als Audio noch als Video &#8211; es war irgendwie noch nicht fertig.Nachdem ich meiner (zusammenklappbaren) kleinen Reisegitarre der Firma Furch &#8222;Little Jane&#8220; einen Tonabnehmer geg\u00f6nnt habe &#8211; einen passiven der Firma Journey, den ich &hellip; <a href=\"https:\/\/kurthummel.com\/?page_id=162\" class=\"more-link\"><span class=\"screen-reader-text\">Musik h\u00f6ren<\/span> weiterlesen <span class=\"meta-nav\">&rarr;<\/span><\/a><\/p>\n","protected":false},"author":1,"featured_media":0,"parent":0,"menu_order":0,"comment_status":"closed","ping_status":"closed","template":"","meta":{"ngg_post_thumbnail":0},"_links":{"self":[{"href":"https:\/\/kurthummel.com\/index.php?rest_route=\/wp\/v2\/pages\/162"}],"collection":[{"href":"https:\/\/kurthummel.com\/index.php?rest_route=\/wp\/v2\/pages"}],"about":[{"href":"https:\/\/kurthummel.com\/index.php?rest_route=\/wp\/v2\/types\/page"}],"author":[{"embeddable":true,"href":"https:\/\/kurthummel.com\/index.php?rest_route=\/wp\/v2\/users\/1"}],"replies":[{"embeddable":true,"href":"https:\/\/kurthummel.com\/index.php?rest_route=%2Fwp%2Fv2%2Fcomments&post=162"}],"version-history":[{"count":19,"href":"https:\/\/kurthummel.com\/index.php?rest_route=\/wp\/v2\/pages\/162\/revisions"}],"predecessor-version":[{"id":1290,"href":"https:\/\/kurthummel.com\/index.php?rest_route=\/wp\/v2\/pages\/162\/revisions\/1290"}],"wp:attachment":[{"href":"https:\/\/kurthummel.com\/index.php?rest_route=%2Fwp%2Fv2%2Fmedia&parent=162"}],"curies":[{"name":"wp","href":"https:\/\/api.w.org\/{rel}","templated":true}]}}